ided by 130.
127
What is the remainder when 1459 is divided by 333?
127
What is the remainder when 4809 is divided by 415?
244
Calculate the remainder when 83158 is divided by 120.
118
Calculate the remainder when 6285508 is divided by 35.
33
Calculate the remainder when 3661 is divided by 358.
81
What is the remainder when 2794 is divided by 1038?
718
What is the remainder when 71309 is divided by 3959?
47
What is the remainder when 222955 is divided by 17?
0
What is the remainder when 2125574 is divided by 442?
438
Calculate the remainder when 27637 is divided by 747.
745
Calculate the remainder when 1043271 is divided by 1309.
1307
Calculate the remainder when 247459 is divided by 245.
9
What is the remainder when 1764 is divided by 224?
196
Calculate the remainder when 113932 is divided by 8.
4
Calculate the remainder when 96889 is divided by 13836.
37
Calculate the remainder when 385 is divided by 143.
99
What is the remainder when 2368 is divided by 260?
28
Calculate the remainder when 2941 is divided by 1538.
1403
What is the remainder when 201642 is divided by 44?
34
Calculate the remainder when 98995 is divided by 45.
40
Calculate the remainder when 8602 is divided by 772.
110
Calculate the remainder when 153141 is divided by 86.
61
What is the remainder when 36957 is divided by 333?
327
Calculate the remainder when 5835 is divided by 2850.
135
What is the remainder when 5100 is divided by 727?
11
Calculate the remainder when 2198 is divided by 147.
140
What is the remainder when 461027 is divided by 373?
372
What is the remainder when 474 is divided by 88?
34
Calculate the remainder when 658191 is divided by 10.
1
What is the remainder when 14462 is divided by 2312?
590
Calculate the remainder when 1367485 is divided by 104.
93
Calculate the remainder when 709964 is divided by 28.
24
What is the remainder when 1397661 is divided by 184?
181
What is the remainder when 3812254 is divided by 122?
120
Calculate the remainder when 6164 is divided by 685.
684
What is the remainder when 918615 is divided by 421?
414
Calculate the remainder when 3111 is divided by 2856.
255
What is the remainder when 25681 is divided by 25681?
0
What is the remainder when 915420 is divided by 871?
870
What is the remainder when 2166 is divided by 1753?
413
Calculate the remainder when 64221 is divided by 500.
221
What is the remainder when 104001 is divided by 34661?
18
Calculate the remainder when 2801 is divided by 1063.
675
What is the remainder when 6078869 is divided by 1546?
1543
Calculate the remainder when 1175209 is divided by 6.
1
Calculate the remainder when 2555 is divided by 647.
614
What is the remainder when 72734 is divided by 195?
194
What is the remainder when 226967 is divided by 358?
353
Calculate the remainder when 970414 is divided by 184.
182
Calculate the remainder when 7840 is divided by 160.
0
What is the remainder when 30281 is divided by 618?
617
Calculate the remainder when 7570 is divided by 344.
2
What is the remainder when 124627 is divided by 3368?
11
Calculate the remainder when 7067 is divided by 144.
11
What is the remainder when 411099 is divided by 69?
66
What is the remainder when 688949 is divided by 607?
4
What is the remainder when 7948 is divided by 1096?
276
What is the remainder when 1830 is divided by 596?
42
Calculate the remainder when 150327 is divided by 61.
23
What is the remainder when 2055 is divided by 147?
144
What is the remainder when 18107 is divided by 421?
4
What is the remainder when 296 is divided by 20?
16
Calculate the remainder when 95186 is divided by 212.
210
Calculate the remainder when 545725 is divided by 178.
155
What is the remainder when 66078 is divided by 38?
34
What is the remainder when 291637 is divided by 166?
141
What is the remainder when 14491 is divided by 250?
241
What is the remainder when 3929 is divided by 12?
5
What is the remainder when 1649799 is divided by 113?
112
What is the remainder when 9261 is divided by 1321?
14
Calculate the remainder when 14546 is divided by 140.
126
Calculate the remainder when 427018 is divided by 30.
28
What is the remainder when 27992 is divided by 1472?
24
What is the remainder when 3958189 is divided by 59?
56
What is the remainder when 1296 is divided by 612?
72
What is the remainder when 1155635 is divided by 94?
93
Calculate the remainder when 42044 is divided by 538.
80
Calculate the remainder when 500 is divided by 80.
20
Calculate the remainder when 10877 is divided by 2172.
17
Calculate the remainder when 36484 is divided by 36471.
13
What is the remainder when 5013298 is divided by 893?
889
Calculate the remainder when 112613 is divided by 6.
5
Calculate the remainder when 1945928 is divided by 93.
89
What is the remainder when 12290 is divided by 4059?
113
What is the remainder when 92085 is divided by 12?
9
Calculate the remainder when 3087 is divided by 1534.
19
Calculate the remainder when 6451533 is divided by 21.
18
What is the remainder when 2045325 is divided by 82?
81
What is the remainder when 548273 is divided by 46?
45
Calculate the remainder when 1817 is divided by 600.
17
What is the remainder when 78578 is divided by 7?
3
Calculate the remainder when 24806 is divided by 62.
6
Calculate the remainder when 7125 is divided by 86.
73
What is the remainder when 10299 is divided by 477?
282
Calculate the remainder when 88830 is divided by 491.
450
What is the remainder when 26844 is divided by 517?
477
What is the remainder when 2406790 is divided by 24?
22
What is the remainder when 257301 is divided by 128644?
13
Calculate the remainder when 3935051 is divided by 342.
341
Calculate the remainder when 261139 is divided by 811.
808
What is the remainder when 5116 is divided by 304?
252
What is the remainder when 17331 is divided by 1554?
237
Calculate the remainder when 361792 is divided by 670.
662
What is the remainder when 2906 is divided by 2904?
2
Calculate the remainder when 116361 is divided by 76.
5
Calculate the remainder when 1018 is divided by 1013.
5
Calculate the remainder when 36059 is divided by 39.
23
What is the remainder when 772332 is divided by 42?
36
Calculate the remainder when 2568 is divided by 366.
6
What is the remainder when 7672 is divided by 891?
544
What is the remainder when 17070 is divided by 12?
6
What is the remainder when 1197 is divided by 41?
8
What is the remainder when 7841 is divided by 33?
20
What is the remainder when 764 is divided by 56?
36
What is the remainder when 195799 is divided by 50?
49
Calculate the remainder when 13530 is divided by 213.
111
Calculate the remainder when 22340 is divided by 7446.
2
Calculate the remainder when 25992 is divided by 568.
432
Calculate the remainder when 17844 is divided by 4390.
284
Calculate the remainder when 5456 is divided by 1360.
16
Calculate the remainder when 3357 is divided by 24.
21
What is the remainder when 1376 is divided by 1053?
323
Calculate the remainder when 144747 is divided by 905.
852
Calculate the remainder when 112368 is divided by 112349.
19
Calculate the remainder when 2818 is divided by 37.
6
What is the remainder when 9208268 is divided by 21?
20
What is the remainder when 187506 is divided by 48?
18
What is the remainder when 1378 is divided by 75?
28
Calculate the remainder when 306062 is divided by 1878.
1826
What is the remainder when 22102 is divided by 228?
214
Calculate the remainder when 528 is divided by 28.
24
Calculate the remainder when 201896 is divided by 146.
124
Calculate the remainder when 968 is divided by 450.
68
Calculate the remainder when 9012 is divided by 897.
42
What is the remainder when 19780 is divided by 77?
68
What is the remainder when 2255 is divided by 515?
195
What is the remainder when 464 is divided by 201?
62
Calculate the remainder when 185368 is divided by 57.
4
Calculate the remainder when 1189 is divided by 163.
48
Calculate the remainder when 4800 is divided by 252.
12
Calculate the remainder when 477623 is divided by 14.
13
Calculate the remainder when 2689 is divided by 28.
1
What is the remainder when 47268 is divided by 78?
0
Calculate the remainder when 121923 is divided by 11083.
10
What is the remainder when 2313 is divided by 2174?
139
What is the remainder